y 125?
11
Calculate the remainder when 24235 is divided by 178.
27
What is the remainder when 7587 is divided by 10?
7
What is the remainder when 124205 is divided by 29?
27
What is the remainder when 63132 is divided by 19?
14
Calculate the remainder when 78081 is divided by 229.
221
What is the remainder when 51595 is divided by 385?
5
What is the remainder when 49218 is divided by 3515?
8
Calculate the remainder when 1431 is divided by 1322.
109
Calculate the remainder when 685290 is divided by 12930.
0
Calculate the remainder when 376075 is divided by 39.
37
Calculate the remainder when 72194 is divided by 191.
187
What is the remainder when 650197 is divided by 4?
1
Calculate the remainder when 10222 is divided by 118.
74
What is the remainder when 4233743 is divided by 9?
8
Calculate the remainder when 1109 is divided by 89.
41
Calculate the remainder when 8446 is divided by 197.
172
Calculate the remainder when 83021 is divided by 44.
37
Calculate the remainder when 24538 is divided by 54.
22
What is the remainder when 196791 is divided by 29?
26
What is the remainder when 23600 is divided by 59?
0
Calculate the remainder when 3657 is divided by 1768.
121
Calculate the remainder when 55347 is divided by 791.
768
Calculate the remainder when 3489 is divided by 861.
45
Calculate the remainder when 358003 is divided by 89493.
31
Calculate the remainder when 5992 is divided by 1470.
112
What is the remainder when 97522 is divided by 57?
52
Calculate the remainder when 391946 is divided by 45.
41
Calculate the remainder when 1930 is divided by 1811.
119
Calculate the remainder when 12031 is divided by 11.
8
What is the remainder when 4428 is divided by 37?
25
What is the remainder when 4033 is divided by 383?
203
What is the remainder when 96215 is divided by 53?
20
Calculate the remainder when 29064 is divided by 4150.
14
What is the remainder when 7945 is divided by 1098?
259
What is the remainder when 7240 is divided by 181?
0
Calculate the remainder when 6464 is divided by 40.
24
Calculate the remainder when 12282 is divided by 26.
10
Calculate the remainder when 2289 is divided by 763.
0
Calculate the remainder when 32840 is divided by 4691.
3
Calculate the remainder when 17510 is divided by 1572.
218
Calculate the remainder when 11051 is divided by 27.
8
What is the remainder when 23254 is divided by 6?
4
Calculate the remainder when 71173 is divided by 247.
37
What is the remainder when 3686 is divided by 1192?
110
Calculate the remainder when 923991 is divided by 283.
279
Calculate the remainder when 11591 is divided by 1513.
1000
Calculate the remainder when 23058 is divided by 2877.
42
What is the remainder when 134876 is divided by 44?
16
What is the remainder when 164 is divided by 142?
22
Calculate the remainder when 156282 is divided by 13.
9
Calculate the remainder when 5214 is divided by 2547.
120
What is the remainder when 39619 is divided by 26?
21
What is the remainder when 3015 is divided by 447?
333
What is the remainder when 2593253 is divided by 158?
157
Calculate the remainder when 2145 is divided by 681.
102
What is the remainder when 289 is divided by 75?
64
What is the remainder when 28407 is divided by 106?
105
Calculate the remainder when 20112 is divided by 341.
334
What is the remainder when 116427 is divided by 2646?
3
What is the remainder when 93804 is divided by 21?
18
Calculate the remainder when 28156 is divided by 45.
31
What is the remainder when 17020 is divided by 55?
25
Calculate the remainder when 65594 is divided by 910.
74
What is the remainder when 112368 is divided by 51?
15
Calculate the remainder when 19885 is divided by 4905.
265
What is the remainder when 2812 is divided by 2812?
0
Calculate the remainder when 30318 is divided by 15019.
280
Calculate the remainder when 35454 is divided by 4427.
38
Calculate the remainder when 2319 is divided by 352.
207
What is the remainder when 8672 is divided by 2120?
192
What is the remainder when 139083 is divided by 921?
12
Calculate the remainder when 83874 is divided by 1527.
1416
What is the remainder when 232557 is divided by 60?
57
What is the remainder when 520764 is divided by 925?
914
Calculate the remainder when 10406 is divided by 797.
45
Calculate the remainder when 596386 is divided by 90.
46
Calculate the remainder when 5168 is divided by 13.
7
What is the remainder when 10717 is divided by 1530?
7
What is the remainder when 9917 is divided by 4939?
39
Calculate the remainder when 407817 is divided by 35.
32
Calculate the remainder when 5679 is divided by 75.
54
What is the remainder when 24117 is divided by 7984?
165
Calculate the remainder when 1716817 is divided by 18.
13
What is the remainder when 1280201 is divided by 163?
162
Calculate the remainder when 172883 is divided by 613.
17
What is the remainder when 47399 is divided by 173?
170
Calculate the remainder when 13522 is divided by 255.
7
Calculate the remainder when 10038 is divided by 90.
48
Calculate the remainder when 734 is divided by 19.
12
What is the remainder when 18644 is divided by 296?
292
What is the remainder when 3600 is divided by 3485?
115
What is the remainder when 73914 is divided by 168?
162
Calculate the remainder when 1880 is divided by 431.
156
What is the remainder when 20604 is divided by 434?
206
Calculate the remainder when 15877 is divided by 76.
69
What is the remainder when 9523 is divided by 49?
17
Calculate the remainder when 1263922 is divided by 9.
7
Calculate the remainder when 2252 is divided by 449.
7
Calculate the remainder when 3468803 is divided by 638.
635
Calculate the remainder when 9674 is divided by 236.
234
Calculate the remainder when 648365 is divided by 8.
5
What is the remainder when 450 is divided by 309?
141
Calculate the remainder when 34892 is divided by 69.
47
What is the remainder when 1661229 is divided by 26?
11
What is the remainder when 14661 is divided by 2929?
16
Calculate the remainder when 40623 is divided by 666.
663
Calculate the remainder when 2650 is divided by 2083.
567
Calculate the remainder when 15895 is divided by 2634.
91
Calculate the remainder when 1432 is divided by 423.
163
Calculate the remainder when 19483 is divided by 73.
65
Calculate the remainder when 63957 is divided by 31878.
201
What is the remainder when 5860 is divided by 1262?
812
What is the remainder when 35508 is divided by 1143?
75
What is the remainder when 2746 is divided by 50?
46
Calculate the remainder when 21494 is divided by 5367.
26
What is the remainder when 6150 is divided by 2045?
15
What is the remainder when 206916 is divided by 15?
6
Calculate the remainder when 897182 is divided by 53.
51
Calculate the remainder when 7049 is divided by 781.
20
Calculate the remainder when 7862 is divided by 39.
23
What is the remainder when 1881 is divided by 590?
111
Calculate the remainder when 763 is divided by 85.
83
What is the remainder when 105798 is divided by 26449?
2
What is the remainder when 904 is divided by 195?
124
What is the remainder when 115117 is divided by 29?
16
What is the remainder when 51107 is divided by 10?
7
Calculate the remainder when 13587 is divided by 54.
33
Calculate the remainder when 11372 is divided by 335.
317
Calculate the remainder when 305731 is divided by 12.
7
What is the remainder when 2387 is divided by 639?
470
Calculate the remainder when 399954 is divided by 110.
104
What is the remainder when 4590 is divided by 140?
110
What is the remainder when 9154 is divided by 319?
222
Calculate the remainder when 113625 is divided by 67.
60
Calculate the remainder when 60429 is divided by 521.
514
Calculate the remainder when 1239 is divided by 776.
463
Calculate the remainder when 75371 is divided by 13.
10
What is the remainder when 46314 is divided by 23154?
6
What is the remainder when 44425 is divided by 37?
25
Calculate the remainder when 55338 is divided by 988.
10
What is the remainder when 13638 is divided by 75?
63
What is the remainder when 2908 is divided by 629?
392
What is the remainder when 29022 is divided by 2843?
592
What is the remainder when 531 is divided by 21?
6
What is the remainder when 45330 is divided by 11318?
58
What is the remainder when 21061 is divided by 4205?
36
W